1 (base 3) in base 15?
24c94
Convert 822e5d (base 15) to base 14.
b70662
What is 180a440 (base 11) in base 2?
1011101110011100001111
Convert 42562054 (base 7) to base 9.
6740487
Convert 1000211112111 (base 3) to base 7.
4441201
-182929 (base 10) to base 16
-2ca91
52155 (base 10) to base 8
145673
-34862 (base 10) to base 14
-c9c2
Convert 7c808b (base 13) to base 8.
13224162
10765ca (base 15) to base 7
202004566
-21022012200100 (base 3) to base 15
-51a1e6
-16446634 (base 7) to base 12
-656b1a
What is 1111000101111101111100 (base 2) in base 15?
5324d9
What is -11201011 (base 3) in base 16?
-d69
-549b550 (base 12) to base 10
-16131660
What is -36917 (base 10) in base 9?
-55568
Convert 63153224 (base 7) to base 16.
513d82
What is 32432034 (base 5) in base 3?
112020110100
-1101001110010000011100 (base 2) to base 11
-1a58293
-1331032242 (base 5) to base 7
-40464025
Convert 716 (base 14) to base 2.
10101110000
Convert -40926 (base 15) to base 13.
-72156
10300212313 (base 4) to base 2
100110000100110110111
Convert -12244434133 (base 5) to base 7.
-240110115
-152103443 (base 6) to base 4
-30020222103
What is -60566c (base 14) in base 9?
-6081081
3249b (base 13) to base 6
1540425
Convert 43635 (base 14) to base 6.
3255103
Convert -13676 (base 15) to base 6.
-1200003
What is -236766 (base 12) in base 3?
-1002000201020
What is 252c29 (base 16) in base 9?
4522668
What is -57922 (base 11) in base 13?
-2c0b6
Convert 44e6e (base 15) to base 8.
654166
Convert 1835c (base 14) to base 3.
10002201200
Convert 10110010111101111 (base 2) to base 8.
262757
What is -c32231 (base 14) in base 3?
-110101001021201
What is 1433062 (base 9) in base 13?
2184c8
Convert -6a8013 (base 12) to base 9.
-3202376
1296b57 (base 13) to base 5
2443412212
-a47827 (base 13) to base 16
-3aa762
What is 10170675 (base 8) in base 10?
2159037
120133211220 (base 4) to base 9
13065656
-259ba0 (base 16) to base 4
-21121232200
-73294 (base 12) to base 4
-210303100
What is 1047441 (base 8) in base 5?
33014101
Convert 632774 (base 8) to base 11.
134109
4b26a (base 12) to base 11
6a970
6eb2fb (base 16) to base 2
11011101011001011111011
Convert -232424 (base 5) to base 4.
-2010221
-10010110111001001 (base 2) to base 5
-4433012
What is -59a3523 (base 11) in base 4?
-213321102321
What is -21101032120 (base 4) in base 10?
-2429848
Convert 102222102110010 (base 3) to base 4.
120102030003
-1610005 (base 8) to base 15
-9221d
-9028cf (base 16) to base 15
-c69471
Convert -8331910 (base 10) to base 11.
-4780984
-15142333 (base 6) to base 12
-2149a9
What is 12a744 (base 12) in base 14?
806a0
-61157063 (base 8) to base 4
-301031320303
What is 4033334 (base 6) in base 13?
690b8
Convert -1122443030 (base 5) to base 10.
-2546640
Convert 435555 (base 7) to base 13.
28a34
What is 3333303233 (base 4) in base 9?
1866262
What is 2432223124 (base 5) in base 11?
32722a3
Convert 97054a (base 11) to base 15.
20a070
What is -221dce (base 16) in base 15?
-2e271e
Convert -210200001101 (base 3) to base 5.
-102122002
1371602 (base 9) to base 2
10111000100000010100
1001110000010101110 (base 2) to base 3
121020111100
What is -13130410 (base 5) in base 4?
-133300321
What is -112011112020201 (base 3) in base 10?
-7529293
Convert -12002100002121 (base 3) to base 7.
-31656025
What is -100110101110011000 (base 2) in base 13?
-57273
Convert 76b5 (base 15) to base 11.
1798a
20656306 (base 9) to base 8
45770434
Convert 10869 (base 15) to base 8.
146454
Convert 626330 (base 11) to base 5.
224111340
Convert 2302233 (base 4) to base 12.
6753
What is 222101414 (base 5) in base 7?
11156065
102122134 (base 5) to base 13
11c1c1
What is -114323444 (base 5) in base 10?
-542374
What is 39db89 (base 16) in base 10?
3791753
27c7c (base 13) to base 4
102032020
729827 (base 12) to base 13
4b040c
What is -1716701 (base 8) in base 12?
-200a29
Convert -341040223 (base 5) to base 2.
-101101110110101100011
What is 12210221101102 (base 3) in base 12?
104b792
Convert 15351642 (base 9) to base 14.
1032591
What is 400510 (base 6) in base 7?
160140
Convert -1a42156 (base 12) to base 14.
-a4a802
-110642 (base 9) to base 15
-148de
Convert 14300420 (base 5) to base 15.
2e725
Convert 17516 (base 15) to base 2.
10010011010000100
Convert 242115 (base 8) to base 14.
22381
Convert 87 (base 12) to base 2.
1100111
-84dd53 (base 14) to base 4
-101021103111
What is 1101011000001000111000 (base 2) in base 9?
6534312
Convert -2644550 (base 7) to base 11.
-218005
-20540142 (base 6) to base 15
-bde68
Convert -135517 (base 15) to base 12.
-389934
96a8a5 (base 12) to base 5
1102214321
Convert -114143243 (base 5) to base 4.
-2003023223
-470254 (base 8) to base 4
-213002230
What is -141502 (base 8) in base 5?
-3044421
What is 3311130033 (base 4) in base 2?
11110101011100001111
Convert -1913a1a (base 14) to base 6.
-1122101240
What is -12748075 (base 9) in base 2?
-10111111111111110001010
Convert 111110110011101111010100 (base 2) to base 5.
13203333402
10695831 (base 10) to base 3
202010101220220
What is -b127b (base 13) in base 2?
-1001101010110001000
Convert 79c4da (base 15) to base 4.
112023021313
Convert -1384 (base 12) to base 6.
-14244
What is -63b95 (base 14) in base 11?
-155095
-410110413 (base 5) to base 11
-a23585
What is 2875676 (base 9) in base 14?
2d3aad
Convert -1441020055 (base 6) to base 4.
-1010202002003
-34043131 (base 5) to base 9
-506211
Convert -11110111011111101110 (base 2) to base 14.
-1c5622
-101100010111100111100 (base 2) to base 14
-29bbac
Convert -10113431 (base 5) to base 7.
-462064
Convert -6241541 (base 9) to base 13.
-8c979a
What is -21101012111 (base 3) in base 12?
-70057
What is -68716 (base 9) in base 15?
-d870
Convert 15331541 (base 9) to base 7.
121631506
7710b2 (base 16) to base 14
1071974
What is -1030451 (base 7) in base 5?
-13000314
Convert 132113156 (base 7) to base 16.
81902f
1054241 (base 9) to base 15
b3191
What is 1200033111 (base 4) in base 11?
24a191
Convert 114331111 (base 5) to base 16.
847c0
-18f23 (base 16) to base 2
-11000111100100011
188028 (base 9) to base 5
12224040
111000010100011110 (base 2) to base 3
102201102221
What is 15724f (base 16) in base 3?
2122102000021
What is -1123593 (base 10) in base 4?
-10102110021
-845c74 (base 13) to base 5
-1243111241
Convert -10000011110110000001 (base 2) to base 14.
-100b3b
Convert -a107 (base 16) to base 13.
-159c0
-2212255 (base 6) to base 12
-5408b
24101210 (base 5) to base 6
4432011
Convert 4018760 (base 12) to base 2.
101101101100101100111000
11410241020 (base 5) to base 8
62775704
1562b46 (base 12) to base 15
5b1b39
-334805 (base 10) to base 6
-11102005
What is -10010010110101110010010 (base 2) in base 6?
-251044122
4042658 (base 10) to base 8
17327642
Convert 3cdb6 (base 14) to base 15.
2ea8e
Convert 942827 (base 10) to base 5.
220132302
46f7e (base 16) to base 10
290686
What is 303da6 (base 16) in base 2?
1100000011110110100110
222202 (base 6) to base 8
44332
What is -3001031202 (base 4) in base 15?
-109749
-92e80 (base 15) to base 14
-c19a5
-4664067 (base 10) to base 8
-21625403
147ab5 (base 15) to base 10
987920
Convert 6813877 (base 9) to base 8.
16000750
What is -374467 (base 9) in base 15?
-4711a
-683576 (base 9) to base 8
-1437543
270800 (base 10) to base 15
55385
-16222654 (base 7) to base 5
-400200442
What is -81405 (base 10) in base 3?
-11010200000
-2206a8 (base 15) to base 7
-16532300
What is 605437 (base 12) in base 15?
1ea1a1
-142163 (base 11) to base 10
-222467
What is -3604551 (base 8) in base 3?
-1212001210010
6594a6 (base 11) to base 14
1d55b4
What is 31624247 (base 9) in base 10?
15250885
Convert 434430 (base 8) to base 16.
23918
What is -e1d3 (base 16) in base 5?
-3322221
-8143607 (base 10) to base 7
-126135203
What is -102232010 (base 4) in base 11?
-52676
What is -100101111000000101100010 (base 2) in base 3?
-200200110002220
-2337784 (base 11) to base 6
-223242554
105ba99 (base 12) to base 5
1244011404
-3230612 (base 8) to base 14
-18716a
Convert -110101001001100101011011 (base 2) to base 3.
-222012212100000
What is 1b9bda (base 14) in base 3?
1212011112000
What is 58db27 (base 14) in base 6?
145011423
171141 (base 9) to base 10
105823
-312001020 (base 5) to base 15
-1a4a0a
Convert -26340b (base 13) to base 3.
-1201210200122
What is -10263444 (base 7) in bas